).
22
Let u(f) = -4*f - 12. Give u(-11).
32
Let l(x) = 2*x**2 + 21*x - 21. Give l(-12).
15
Let f(k) = -5*k - 12. Determine f(0).
-12
Let m(u) = u**2 + u - 3. Give m(-6).
27
Let i(o) = o**3 + 15*o**2 - 14*o - 25. What is i(-16)?
-57
Let x(s) = -15*s - 343. What is x(-23)?
2
Let j(b) = 5*b**2 + 20*b - 13. Determine j(-5).
12
Let t(y) = -26*y**2 - 5*y - 2. Determine t(-3).
-221
Let b(c) = 2*c**2 + c. Calculate b(3).
21
Let z(l) = 71*l - 74. What is z(1)?
-3
Let z(k) = k**3 + 9*k**2 + 5*k + 3. Determine z(-8).
27
Let t(b) = -3*b + 17. Give t(4).
5
Let d(j) = 7*j - 9. What is d(2)?
5
Let c(u) = -u**3 + 30*u**2 - 5*u + 122. Give c(30).
-28
Let s(m) = 12*m + 7. Give s(-4).
-41
Let q(c) = 11*c - 114. What is q(11)?
7
Let z(a) = -a**2 - 19*a + 165. Determine z(6).
15
Let w(m) = -m**3 + 3*m**2 - 16*m + 125. Determine w(5).
-5
Let x(n) = -n**3 - 40*n**2 - 42*n - 135. Determine x(-39).
-18
Let n(k) = 2*k**2 - 24*k + 56. Calculate n(3).
2
Let v(y) = 50*y**2 - y. Calculate v(-1).
51
Let f(s) = -6*s + 7. What is f(3)?
-11
Let x(v) = v**3 + 11*v**2 + 12*v + 25. Calculate x(-10).
5
Let r(k) = 56*k + 676. Determine r(-12).
4
Let u(h) = -h**3 - 5*h**2 + 9*h - 8. Calculate u(-7).
27
Let p(m) = -3*m**3 - 23*m**2 - 17*m - 23. Calculate p(-7).
-2
Let j(u) = -u**3 + u**2 - 2*u + 34. Calculate j(0).
34
Let o(n) = -n**3 + 4*n + 3. Calculate o(0).
3
Let n(x) = 8*x**2 - 4*x - 1. Determine n(-2).
39
Let g(j) = -j**3 - j**2 - 2*j - 8. Determine g(0).
-8
Let h(g) = -g**2 + g - 13. What is h(0)?
-13
Let u(f) = -f**2 - 9*f + 2. What is u(-9)?
2
Let c(f) = f**2 - 2*f - 54. Calculate c(10).
26
Let m(f) = 4*f + 49. Give m(-8).
17
Let k(t) = t**2 + 9*t - 5. Calculate k(-9).
-5
Let s(a) = a**3 - a**2 + 8*a - 9. Give s(1).
-1
Let k(l) = 4*l**3 + 2*l**2 - l + 5. Determine k(2).
43
Let k(q) = -8*q - 1. Calculate k(-1).
7
Let k(s) = -4*s - 11. Calculate k(-4).
5
Let j(m) = 6*m - 6. Calculate j(-4).
-30
Let u(b) = -b**2 + 4*b + 3. Determine u(7).
-18
Let q(z) = -z**2 - 2*z + 89. Give q(-9).
26
Let o(f) = -f**3 + 6*f**2 - 8*f. What is o(6)?
-48
Let s(w) = -w**2 + 10*w - 20. Give s(4).
4
Let z(d) = 3*d**2 + 41*d + 3. Give z(-13).
-23
Let g(p) = 3*p + 2. Determine g(3).
11
Let s(h) = 11*h + 49. What is s(-4)?
5
Let j(q) = q**3 + 4*q**2 + 3*q + 6. Give j(-4).
-6
Let k(q) = -2*q + 19. Determine k(8).
3
Let s(u) = u**3 + 40*u**2 + 79*u + 116. Determine s(-38).
2
Let n(j) = -11*j + 28. Give n(3).
-5
Let c(x) = -3*x**2 + x + 7. Determine c(-4).
-45
Let y(z) = z**3 - 8*z**2 + 7*z. Determine y(5).
-40
Let o(t) = -23*t + 7. What is o(-2)?
53
Let g(h) = 23*h + 20. What is g(-1)?
-3
Let r(p) = 19*p - 31. Calculate r(4).
45
Let o(q) = -27*q - 95. Determine o(-2).
-41
Let b(g) = g**3 + g**2 + 2*g - 6. Give b(4).
82
Let i(x) = -x**3 + 14*x**2 + 16*x - 15. What is i(15)?
0
Let f(x) = -20*x**3 + 2*x**2 - 3*x - 4. Determine f(-1).
21
Let z(p) = -p**3 - 6*p**2 - 4*p + 6. Determine z(-5).
1
Let f(d) = -7*d**2 - d + 2. What is f(1)?
-6
Let z(d) = 10*d**3 - 1. Calculate z(-1).
-11
Let v(n) = n**3 - 18*n**2 - 21*n + 33. Give v(19).
-5
Let l(n) = -n**3 + 23*n**2 + 23*n + 23. What is l(24)?
-1
Let z(y) = -y**3 + 17*y**2 - 15*y - 22. Determine z(16).
-6
Let f(q) = q**2 - 3*q. What is f(3)?
0
Let i(t) = -3*t + 3. Calculate i(1).
0
Let t(j) = 2*j**3 + 29*j**2 + 3*j - 13. Determine t(-14).
141
Let h(q) = 4*q. What is h(2)?
8
Let p(y) = y - 1. Determine p(7).
6
Let r(i) = 24*i + 942. Give r(-39).
6
Let c(d) = -3*d + 29. Give c(0).
29
Let y(k) = -k**3 - 6*k**2 + k - 1. Determine y(-5).
-31
Let c(x) = -x + 247. What is c(0)?
247
Let s(b) = b - 4. Determine s(7).
3
Let a(t) = 3*t**2 - 5*t - 4. Determine a(-1).
4
Let f(y) = y**3 - 16*y**2 + 25*y - 6. Calculate f(14).
-48
Let m(a) = -a**3 - a - 8. Calculate m(0).
-8
Let s(t) = 3*t**2 - 16*t - 35. Give s(-3).
40
Let p(s) = 2*s**3 - 13*s**2 - 5*s + 13. Give p(7).
27
Let l(d) = 3*d**3 - 7*d**2 - 2*d + 7. Give l(3).
19
Let d(r) = -5*r - 7. Give d(-8).
33
Let r(u) = 12*u - 5. Calculate r(-2).
-29
Let j(o) = -12*o + 229. Calculate j(19).
1
Let c(x) = 6*x + 97. Give c(-15).
7
Let b(g) = -16*g**3 - 3*g - 2. Give b(-1).
17
Let d(s) = 6*s**3 + s**2 - s + 1. Calculate d(1).
7
Let d(b) = b**2 - 9*b + 9. Calculate d(9).
9
Let a(f) = f**2 + 7*f - 11. Determine a(-6).
-17
Let h(b) = b**3 + 6*b**2 - 4*b - 5. Calculate h(-6).
19
Let l(f) = f**2 + 16*f + 34. What is l(-12)?
-14
Let f(q) = -161*q - 642. Calculate f(-4).
2
Let k(n) = -2*n + 98. Determine k(46).
6
Let b(y) = y + 21. Give b(-13).
8
Let k(s) = -5*s**3 - s**2 + 2*s + 2. Determine k(-1).
4
Let o(z) = 6*z - 3. Determine o(6).
33
Let y(h) = 24*h + 38. What is y(-3)?
-34
Let d(p) = p**2 + 5*p - 13. What is d(-10)?
37
Let k(j) = -j - 28. Determine k(-22).
-6
Let f(s) = s**3 - 3*s**2 + 8*s - 3. Calculate f(2).
9
Let o(b) = -7*b - 222. Determine o(-30).
-12
Let b(n) = -n**3 + 15*n**2 - 16*n + 12. Calculate b(14).
-16
Let l(v) = v**3 - 16*v**2 - 30*v - 116. Determine l(18).
-8
Let k(s) = 20*s. Give k(-2).
-40
Let s(i) = i**2 - 4*i - 12. Determine s(-3).
9
Let y(h) = 3*h**3 + 8*h**2 - 2*h + 6. Calculate y(-3).
3
Let d(g) = g**3 - 11*g**2 - 12*g - 6. Determine d(12).
-6
Let v(d) = 4*d**2 + 2*d - 3. Determine v(2).
17
Let d(c) = 5*c**2 - 37*c + 15. Determine d(7).
1
Let n(p) = -9*p**2 - 116*p + 7. Calculate n(-13).
-6
Let q(w) = 7*w - 26. What is q(3)?
-5
Let l(z) = 6*z + 12. Give l(13).
90
Let a(y) = -83*y + 1490. Determine a(18).
-4
Let u(b) = b**2 + 2*b - 96. Calculate u(-10).
-16
Let x(q) = 2*q - 1. What is x(0)?
-1
Let r(g) = g - 1. Give r(-7).
-8
Let q(a) = -a**3 - 12*a**2 - 6*a - 4. Calculate q(-11).
-59
Let r(v) = -v**3 - 19*v**2 + 3*v - 17. What is r(-19)?
-74
Let h(t) = -t**3 - 10*t**2 - 13*t - 2. Determine h(-1).
2
Let w(f) = f**2 - 17*f - 51. What is w(20)?
9
Let g(i) = 3*i - 18. Give g(7).
3
Let d(u) = 2*u**3 + u**2 + 5*u - 6. Determine d(1).
2
Let f(b) = b**3 + 5*b**2 - 17*b + 9. Calculate f(-8).
-47
Let u(q) = 5*q**3 - 60*q**2 - 7*q - 11. What is u(12)?
-95
Let z(j) = j**3 - 5*j**2 + 2*j - 2. Give z(5).
8
Let c(g) = g**3 - 4*g**2 - 5. Calculate c(4).
-5
Let m(p) = 4*p - 2. Calculate m(10).
38
Let q(c) = -4*c + 25. What is q(7)?
-3
Let z(p) = -3*p - 29. What is z(-25)?
46
Let t(o) = 2*o**3 - 23*o**2 - 69*o - 12. Give t(14).
2
Let x(p) = -p**2 - 6*p - 14. Calculate x(-3).
-5
Let s(j) = -6*j - 145. What is s(-27)?
17
Let l(q) = -23*q + 268. Give l(12).
-8
Let w(q) = -q**3 - 5*q + 1. Give w(0).
1
Let i(r) = 8*r**2 + 5*r + 5. Give i(-2).
27
Let v(i) = -i**2 - 22*i - 45. Calculate v(-20).
-5
Let d(z) = -z**3 + 20*z**2 + 5*z - 47. Give d(20).
53
Let r(h) = h**3 - 12*h**2 + 11*h - 3. Determine r(11).
-3
Let z(m) = -m**2 + m - 1. What is z(6)?
-31
Let v(z) = -9*z**3 + 2*z**2 - z + 1. Determine v(2).
-65
Let s(z) = 5*z - 47. Give s(10).
3
Let x(n) = n**3 + 6*n**2 + 6*n + 9. Give x(-5).
4
Let r(k) = 2*k**2 + 6*k - 8. What is r(-9)?
100
Let u(v) = 3*v - 1. Determine u(6).
17
Let v(u) = 2*u**2 - 21*u + 14. What is v(11)?
25
Let u(s) = -s**3 - 3*s**2 + s - 2. Calculate u(3).
-53
Let b(q) = -14*q - 4. Calculate b(-4).
52
Let w(j) = -j**2 + 10*j - 20. Give w(8).
-4
Let h(v) = -2*v + 9. Determine h(6).
-3
Let l(j) = -5*j**2 - 3*j - 1. Calculate l(-1).
-3
Let z(b) = 17*b**3 - 2*b**2 - b + 2. Give z(1).
16
Let u(f) = -f**2 + 5*f - 8. Give u(7).
-22
Let j(z) = 5*z**2 + 2*z + 4. What is j(-3)?
43
Let p(l) = 2*l**2 - 39*l - 116. Calculate p(22).
-6
Let o(z) = -9*z**2 - z - 4. Give o(-2).
-38
Let r(b) = -b**3 - 7*b**2 - 10*b + 3. Give r(-5).
3
Let u(y) = -y**2 + y + 35. Determine u(-7).
-21
Let a(o) = -o**2 - 4*o + 3. Calculate a(2).
-9
Let n(m) = -m**2 - 22*m - 3. What is n(-23)?
-26
Let f(y) = 15*y + 10. What is f(8)?
130
Let i(y) = y**3 + 3*y**2 + y - 4. Give i(-3).
-7
Let w(m) = -5*m - 7. Calculate w(-3).
8
Let v(p) = -p**2 - 10*p - 10. Give v(-7).
11
Let q(b) = 5*b**2 + 3*b - 2. Determine q(1).
6
Let b(t) = -t**2 + 8*t - 10. What is b(5)?
5
Let q(f) = -f**2 + 3*f + 18. Give q(8).
-22
Let k(m) = -6*m**2 + 115*m - 10. What is k(19)?
9
Let w(f) = 48*f + 5. Determine w(1).
53
Let k(x) = 12*x - 2. Calculate k(-2).
-26
Let g(o) = -7*o**2 - o + 2. Determine g(1).
-6
Let u(p) = -2*p**3 - p**2 + 3*p + 4. Calculate u(-2).
10
Let y(z) = -z**2 - 4*z. Give y(-6).
-12
Let z(n) = 2*n**2 - 14*n + 8. Determine z(8).
24
Let w(f) = f + 17. Calculate w(12)